{"id":872,"date":"2019-11-10T12:29:00","date_gmt":"2019-11-10T15:29:00","guid":{"rendered":"https:\/\/zaccagnini.ar\/?page_id=872"},"modified":"2022-11-18T09:52:54","modified_gmt":"2022-11-18T12:52:54","slug":"infoworkers-trabajadores-de-la-informacion","status":"publish","type":"page","link":"https:\/\/zaccagnini.ar\/index.php\/militante-social\/infoworkers-trabajadores-de-la-informacion\/","title":{"rendered":"INFOWORKERS Trabajadores de la Informaci\u00f3n"},"content":{"rendered":"\n<p class=\"has-text-align-center has-vivid-cyan-blue-color has-text-color has-x-large-font-size\"><strong><em><a href=\"http:\/\/www.infoworkers.com.ar\">INFOWORKERS HOY<\/a><\/em><\/strong><\/p>\n\n\n\n<div class=\"wp-block-pdfb-pdf-block\" style=\"height:1015px\"><iframe loading=\"lazy\" src=\"https:\/\/zaccagnini.ar\/wp-content\/uploads\/2022\/11\/INFOWORKERS-2022-Presentacion.pdf?t#toolbar=0&amp;navpanes=0&amp;scrollbar=0\" width=\"100%\" height=\"100%\"><\/iframe><\/div>\n\n\n\n<hr class=\"wp-block-separator has-alpha-channel-opacity\"\/>\n\n\n\n<p><img loading=\"lazy\" decoding=\"async\" width=\"50\" height=\"58\" class=\"wp-image-1072\" style=\"width: 50px;\" src=\"https:\/\/zaccagnini.ar\/wp-content\/uploads\/2020\/02\/ANOTADOR.gif\" alt=\"\"> \u00ab<strong><em>Esta es la historia de Infoworkers, Trabajadores de la Informaci\u00f3n, la Asociaci\u00f3n Civil sin Fines de Lucro creada en la Argentina en 2001, con el objeto de vincular entre s\u00ed a todas las personas que utilizan significativamente las TIC (Tecnolog\u00edas Inform\u00e1ticas y de Comunicaciones) para la producci\u00f3n de bienes y\/o servicios e incorporar a la Sociedad del Conocimiento a todos los que han quedado excluidos o corren ese riesgo. Todos los proyectos, impulsados desde Infoworkers, tuvieron el mismo destino: la frustraci\u00f3n. Para que pudieran concretarse, hubiera sido necesario quebrar los intereses econ\u00f3micos y pol\u00edticos que privilegiaban la fascinaci\u00f3n por la tecnolog\u00eda digital, por encima de la necesidad de instalar la adecuada apropiaci\u00f3n de la inform\u00e1tica como un derecho. Una lucha que a\u00fan sigue vigente y de la que estos proyectos constituyen un precedente que no se debe olvidar. Lograr que se promulgue una ley de alfabetizaci\u00f3n inform\u00e1tica sigue siendo hoy, una tarea pendiente de la democracia<\/em><\/strong>.\u00bb<\/p>\n\n\n\n<figure class=\"wp-block-image size-large\"><img loading=\"lazy\" decoding=\"async\" width=\"640\" height=\"480\" src=\"https:\/\/zaccagnini.ar\/wp-content\/uploads\/2020\/02\/inet8.jpg\" alt=\"\" class=\"wp-image-1155\" srcset=\"https:\/\/zaccagnini.ar\/wp-content\/uploads\/2020\/02\/inet8.jpg 640w, https:\/\/zaccagnini.ar\/wp-content\/uploads\/2020\/02\/inet8-300x225.jpg 300w, https:\/\/zaccagnini.ar\/wp-content\/uploads\/2020\/02\/inet8-326x245.jpg 326w, https:\/\/zaccagnini.ar\/wp-content\/uploads\/2020\/02\/inet8-80x60.jpg 80w\" sizes=\"auto, (max-width: 640px) 100vw, 640px\" \/><figcaption class=\"wp-element-caption\"><strong>INFOWORKERS ALFABETIZA INFORM\u00c1TICAMENTE EN EL I.N.E.T<\/strong>.<\/figcaption><\/figure>\n\n\n\n<p><em><strong>Infoworkers, un sue\u00f1o compartido<\/strong><\/em><\/p>\n\n\n\n<p><em>\u00bfQui\u00e9n lo invent\u00f3? O mejor dicho, \u00bfqui\u00e9n lo so\u00f1\u00f3?&nbsp; \u00bfUn loco, un so\u00f1ador, un delirante, un rom\u00e1ntico, un utopista? En fin, para ser un poco de todo esto, a \u00e9l le faltaba un tipo como yo, y ah\u00ed fui tras un sue\u00f1o, un delirio, un romance, una utop\u00eda. Eso, una utop\u00eda. Y yo soy un utopista empedernido, uno que camina hacia all\u00e1, aunque no llegue, porque lo que le importa es el camino.<\/em><\/p>\n\n\n\n<p><em>Y \u00e9l es Jorge Zaccagnini, un utopista m\u00e1s preparado, con m\u00e1s recursos, desde su inteligencia natural, emocional y pol\u00edtica. Con la semilla de la creaci\u00f3n del primer gremio de personal de lo que m\u00e1s tarde se llamar\u00eda tecnolog\u00edas de la informaci\u00f3n, all\u00e1 por la d\u00e9cada de los setenta, y con m\u00e1s de cuarenta a\u00f1os en la inform\u00e1tica, viendo que varias generaciones de habitantes de este hermoso pa\u00eds iban quedando socialmente afuera del sistema y habiendo ya creado la ONG Infoworkers, decidimos ampliar su alcance mediante&nbsp; el Proyecto de Alfabetizaci\u00f3n Inform\u00e1tica, dedicado a que cualquier persona de cualquier edad y de cualquier condici\u00f3n pudiera acceder sin costo alguno al dominio b\u00e1sico de las herramientas cuya presencia en los hogares ya era m\u00e1s que cotidiana. <\/em><\/p>\n\n\n\n<p><em>Se comenz\u00f3 a convocar a convencidos profesionales solidarios para integrar el cuerpo docente y a ofrecer el proyecto a diferentes autoridades nacionales y comunales, y con los programas de cursos ya elaborados se pusieron en marcha las orientaciones hacia distintas poblaciones objetivo, personas mayores, agrupaciones de recicladores urbanos (en ese entones se los llamaba \u201ccartoneros\u201d), gente que no hab\u00eda podido completar sus estudios, alumnos con dificultades en materias vinculadas, etc.<\/em><\/p>\n\n\n\n<p><em>Fue una experiencia conmovedora:<\/em><\/p>\n\n\n\n<p><strong><em>&nbsp;<\/em><\/strong><em>La exclamaci\u00f3n de j\u00fabilo de una abuela ante el dominio del mouse, las l\u00e1grimas de una madre que pod\u00eda comunicarse con una hija lejana dominando el correo electr\u00f3nico, las palabras de agradecimiento de un se\u00f1or que pudo ayudar a su nieto con la tarea escolar, las caras de satisfacci\u00f3n de nuestros docentes al vivir estas experiencias, la alegr\u00eda de los alumnos al recibir sus certificados.<\/em><\/p>\n\n\n\n<p><em>Todo, todo eso que era resultados para ellos, era el camino para nosotros.<\/em><\/p>\n\n\n\n<p><strong><em>Lic. Juan Dar\u00edo Balian<\/em><\/strong><\/p>\n\n\n\n<h4 class=\"has-text-align-center has-vivid-cyan-blue-color has-text-color wp-block-heading\"><strong>ALFABETIZACI\u00d3N INFORM\u00c1TICA<\/strong><\/h4>\n\n\n\n<figure class=\"wp-block-embed is-type-video is-provider-youtube wp-block-embed-youtube wp-embed-aspect-4-3 wp-has-aspect-ratio\"><div class=\"wp-block-embed__wrapper\">\n<iframe loading=\"lazy\"  id=\"_ytid_34500\"  width=\"480\" height=\"360\"  data-origwidth=\"480\" data-origheight=\"360\"  data-relstop=\"1\" src=\"https:\/\/www.youtube.com\/embed\/STjCR9eaWRA?enablejsapi=1&#038;autoplay=0&#038;cc_load_policy=0&#038;cc_lang_pref=&#038;iv_load_policy=1&#038;loop=0&#038;rel=0&#038;fs=1&#038;playsinline=0&#038;autohide=2&#038;theme=dark&#038;color=red&#038;controls=1&#038;disablekb=0&#038;\" class=\"__youtube_prefs__  epyt-is-override  no-lazyload\" title=\"YouTube player\"  allow=\"fullscreen; accelerometer; autoplay; clipboard-write; encrypted-media; gyroscope; picture-in-picture; web-share\" referrerpolicy=\"strict-origin-when-cross-origin\" allowfullscreen data-no-lazy=\"1\" data-skipgform_ajax_framebjll=\"\"><\/iframe>\n<\/div><figcaption class=\"wp-element-caption\"><strong>ALFABETIZACI\u00d3N INFORM\u00c1TICA NO ES ALFABETIZACI\u00d3N DIGITAL<\/strong><\/figcaption><\/figure>\n\n\n\n<p>La historia de la alfabetizaci\u00f3n inform\u00e1tica en la Argentina se encuentra \u00edntimamente ligada a la tarea que la Asociaci\u00f3n Civil Infoworkers realiza en ese sentido. Desde una concepci\u00f3n humanista que se diferencia la llamada alfabetizaci\u00f3n digital, Infoworkers entiende la alfabetizaci\u00f3n inform\u00e1tica como un proceso que se realiza a partir del reconocimiento de la situaci\u00f3n de cada persona, con el objetivo de lograr su inclusi\u00f3n en la Sociedad del Conocimiento, mediante la apropiaci\u00f3n de las destrezas necesarias para utilizar las tecnolog\u00edas de informaci\u00f3n como herramientas para su recalificaci\u00f3n social y el mejoramiento de su calidad de vida. La tarea realizada por Infoworkers a partir de fines de la d\u00e9cada del `90 acompa\u00f1a un proceso de incorporaci\u00f3n de la tecnolog\u00eda inform\u00e1tica que la sociedad argentina viene realizando y que, a pesar de los esfuerzos realizados y las buenas intenciones mostradas, no ha logrado despegarse de la visi\u00f3n tecnologista que deposita en la computadora y en Internet la misi\u00f3n de transformarse per se en instrumentos propiciadores del desarrollo humano. <\/p>\n\n\n\n<p>El relato del trabajo de alfabetizaci\u00f3n inform\u00e1tica realizado por Infoworkers durante 15 a\u00f1os y su lucha por evitar el desembarco de propuestas globalizadores disfrazadas de progresismo tecnol\u00f3gico, constituye un valioso testimonio del que se debe tener memoria. <\/p>\n\n\n\n<p class=\"has-text-align-center has-vivid-cyan-blue-color has-text-color\"><strong>NUEVAS TECNOLOG\u00cdA E INCLUSI\u00d3N SOCIAL<\/strong><\/p>\n\n\n\n<figure class=\"wp-block-embed is-type-video is-provider-youtube wp-block-embed-youtube wp-embed-aspect-16-9 wp-has-aspect-ratio\"><div class=\"wp-block-embed__wrapper\">\n<iframe loading=\"lazy\"  id=\"_ytid_36151\"  width=\"480\" height=\"270\"  data-origwidth=\"480\" data-origheight=\"270\"  data-relstop=\"1\" src=\"https:\/\/www.youtube.com\/embed\/NR0UGEKBmX8?enablejsapi=1&#038;autoplay=0&#038;cc_load_policy=0&#038;cc_lang_pref=&#038;iv_load_policy=1&#038;loop=0&#038;rel=0&#038;fs=1&#038;playsinline=0&#038;autohide=2&#038;theme=dark&#038;color=red&#038;controls=1&#038;disablekb=0&#038;\" class=\"__youtube_prefs__  epyt-is-override  no-lazyload\" title=\"YouTube player\"  allow=\"fullscreen; accelerometer; autoplay; clipboard-write; encrypted-media; gyroscope; picture-in-picture; web-share\" referrerpolicy=\"strict-origin-when-cross-origin\" allowfullscreen data-no-lazy=\"1\" data-skipgform_ajax_framebjll=\"\"><\/iframe>\n<\/div><figcaption class=\"wp-element-caption\"><strong>En setiembre de 2004, INFOWORKERS realiza un notable seminario sobre Tecnolog\u00eda y Trabajo<\/strong>.<\/figcaption><\/figure>\n","protected":false},"excerpt":{"rendered":"<div class=\"mh-excerpt\"><p>INFOWORKERS HOY \u00abEsta es la historia de Infoworkers, Trabajadores de la Informaci\u00f3n, la Asociaci\u00f3n Civil sin Fines de Lucro creada en la Argentina en 2001, con el objeto de vincular entre s\u00ed a todas las personas que utilizan significativamente las TIC (Tecnolog\u00edas Inform\u00e1ticas y de Comunicaciones) para la producci\u00f3n de bienes y\/o servicios e incorporar a la Sociedad del Conocimiento <a class=\"mh-excerpt-more\" href=\"https:\/\/zaccagnini.ar\/index.php\/militante-social\/infoworkers-trabajadores-de-la-informacion\/\" title=\"INFOWORKERS Trabajadores de la Informaci\u00f3n\">[&#8230;]<\/a><\/p>\n<\/div>","protected":false},"author":1,"featured_media":1153,"parent":420,"menu_order":1,"comment_status":"closed","ping_status":"closed","template":"","meta":{"footnotes":""},"categories":[34],"tags":[],"class_list":["post-872","page","type-page","status-publish","has-post-thumbnail","hentry","category-militante-social"],"_links":{"self":[{"href":"https:\/\/zaccagnini.ar\/index.php\/wp-json\/wp\/v2\/pages\/872","targetHints":{"allow":["GET"]}}],"collection":[{"href":"https:\/\/zaccagnini.ar\/index.php\/wp-json\/wp\/v2\/pages"}],"about":[{"href":"https:\/\/zaccagnini.ar\/index.php\/wp-json\/wp\/v2\/types\/page"}],"author":[{"embeddable":true,"href":"https:\/\/zaccagnini.ar\/index.php\/wp-json\/wp\/v2\/users\/1"}],"replies":[{"embeddable":true,"href":"https:\/\/zaccagnini.ar\/index.php\/wp-json\/wp\/v2\/comments?post=872"}],"version-history":[{"count":8,"href":"https:\/\/zaccagnini.ar\/index.php\/wp-json\/wp\/v2\/pages\/872\/revisions"}],"predecessor-version":[{"id":1198,"href":"https:\/\/zaccagnini.ar\/index.php\/wp-json\/wp\/v2\/pages\/872\/revisions\/1198"}],"up":[{"embeddable":true,"href":"https:\/\/zaccagnini.ar\/index.php\/wp-json\/wp\/v2\/pages\/420"}],"wp:featuredmedia":[{"embeddable":true,"href":"https:\/\/zaccagnini.ar\/index.php\/wp-json\/wp\/v2\/media\/1153"}],"wp:attachment":[{"href":"https:\/\/zaccagnini.ar\/index.php\/wp-json\/wp\/v2\/media?parent=872"}],"wp:term":[{"taxonomy":"category","embeddable":true,"href":"https:\/\/zaccagnini.ar\/index.php\/wp-json\/wp\/v2\/categories?post=872"},{"taxonomy":"post_tag","embeddable":true,"href":"https:\/\/zaccagnini.ar\/index.php\/wp-json\/wp\/v2\/tags?post=872"}],"curies":[{"name":"wp","href":"https:\/\/api.w.org\/{rel}","templated":true}]}}