{"id":462,"date":"2020-01-01T20:14:00","date_gmt":"2020-01-01T23:14:00","guid":{"rendered":"https:\/\/zaccagnini.ar\/?page_id=462"},"modified":"2020-02-17T11:23:59","modified_gmt":"2020-02-17T14:23:59","slug":"caesco-camara-de-empresas-de-servicios-de-computacion","status":"publish","type":"page","link":"https:\/\/zaccagnini.ar\/index.php\/dirigente-empresario\/caesco-camara-de-empresas-de-servicios-de-computacion\/","title":{"rendered":"CAESCO C\u00e1mara de Empresas de Servicios de Computaci\u00f3n"},"content":{"rendered":"\n<h4 class=\"has-vivid-cyan-blue-color has-text-color has-text-align-center wp-block-heading\"><strong>LA C\u00c1MARA GREMIAL DE LOS\nEMPRESARIOS NACIONALES<\/strong><\/h4>\n\n\n\n<figure class=\"wp-block-image size-large\"><img loading=\"lazy\" decoding=\"async\" width=\"808\" height=\"183\" src=\"https:\/\/zaccagnini.ar\/wp-content\/uploads\/2020\/02\/CAESCO-LOGO.jpg\" alt=\"\" class=\"wp-image-493\" srcset=\"https:\/\/zaccagnini.ar\/wp-content\/uploads\/2020\/02\/CAESCO-LOGO.jpg 808w, https:\/\/zaccagnini.ar\/wp-content\/uploads\/2020\/02\/CAESCO-LOGO-300x68.jpg 300w, https:\/\/zaccagnini.ar\/wp-content\/uploads\/2020\/02\/CAESCO-LOGO-768x174.jpg 768w\" sizes=\"auto, (max-width: 808px) 100vw, 808px\" \/><\/figure>\n\n\n\n<p><img loading=\"lazy\" decoding=\"async\" width=\"50\" height=\"58\" class=\"wp-image-1072\" style=\"width: 50px;\" src=\"https:\/\/zaccagnini.ar\/wp-content\/uploads\/2020\/02\/ANOTADOR.gif\" alt=\"\"><strong>\u00ab<em>En los a\u00f1os que me toc\u00f3 conducir a la instituci\u00f3n, los logros alcanzados por CAESCO coadyuvaron al objetivo superior de instalar al empresariado inform\u00e1tico nacional organizado, para representar \u2013en un momento incipiente\u2013 los intereses de una actividad productiva de creciente desarrollo. En ese marco, la C\u00e1mara cre\u00f3 el Consejo Federal de Empresas de Servicios Inform\u00e1ticos (COFESI) y se organiza en siete delegaciones regionales: Sede Central (ciudad de Buenos Aires), Delegaci\u00f3n Centro (C\u00f3rdoba capital), Delegaci\u00f3n Litoral (Rosario, Santa Fe), Delegaci\u00f3n Mesopotamia (Resistencia, Chaco), Delegaci\u00f3n Cuyo (Mendoza capital), Delegaci\u00f3n Sur (Bah\u00eda Blanca, provincia de Buenos Aires) y Delegaci\u00f3n Norte (San Salvador de Jujuy, Jujuy). El COFESI fue el encargado de coordinar los Congresos Federales de Empresas de Servicios Inform\u00e1ticos.\u00bb <\/em><\/strong><\/p>\n\n\n\n<div class=\"wp-block-image\"><figure class=\"aligncenter size-large\"><img loading=\"lazy\" decoding=\"async\" width=\"1024\" height=\"519\" src=\"https:\/\/zaccagnini.ar\/wp-content\/uploads\/2020\/02\/CAESCO00-1024x519.jpg\" alt=\"\" class=\"wp-image-495\" srcset=\"https:\/\/zaccagnini.ar\/wp-content\/uploads\/2020\/02\/CAESCO00-1024x519.jpg 1024w, https:\/\/zaccagnini.ar\/wp-content\/uploads\/2020\/02\/CAESCO00-300x152.jpg 300w, https:\/\/zaccagnini.ar\/wp-content\/uploads\/2020\/02\/CAESCO00-768x389.jpg 768w, https:\/\/zaccagnini.ar\/wp-content\/uploads\/2020\/02\/CAESCO00-1536x779.jpg 1536w, https:\/\/zaccagnini.ar\/wp-content\/uploads\/2020\/02\/CAESCO00.jpg 1933w\" sizes=\"auto, (max-width: 1024px) 100vw, 1024px\" \/><figcaption>Primer reuni\u00f3n del COFESI en la provincia de Santa Fe, con la presencia del Ing. Patricio Castro, secretario del gobierno de Ra\u00fal Alfons\u00edn <\/figcaption><\/figure><\/div>\n\n\n\n<p>\u00ab<em>Con la presidencia de Angel Forte, la C\u00e1mara Empresaria de Servicios de Computaci\u00f3n (CAESCO) naci\u00f3 el 19 de septiembre de 1981.La situaci\u00f3n pol\u00edtica y econ\u00f3mica que el pa\u00eds sufr\u00eda en esos a\u00f1os, no me permiti\u00f3 incorporarme a ese grupo inicial. Reci\u00e9n a mediados de los a\u00f1os \u201980 comenc\u00e9 a concurrir a las reuniones de la c\u00e1mara y a participar de la vida institucional. Fui revisor de cuentas suplente, miembro del Directorio y Vicepresidente. Finalmente, desde octubre de 1986 fui electo Presidente, un cargo que ejerc\u00ed durante dos per\u00edodos consecutivos.<\/em> \u00ab<\/p>\n\n\n\n<div style=\"display:block\">\n<!-- FlowPaper PDF flipbook plugin v.2.0.6 wordpress.org\/plugins\/flowpaper\/ -->\n<iframe title=\"FlowPaper flipbook pdf viewer\" width=\"100%\" height=\"500\" scrolling=\"no\" class=\"flowpaper-class\" frameborder=\"0\" allowFullScreen=\"true\" lightbox=\"false\" cover id src = \"https:\/\/flowpaper.com\/flipbook\/?pdf=https:\/\/zaccagnini.ar\/wp-content\/uploads\/2020\/02\/CAESCO-Presentacion-1987.pdf?wp-hosted=1&title=&header=&theme=&singlepage=&thumbs=1&modified=2002171123\" seamless=\"seamless\" style=\"margin-bottom:0;display:block;\">Your browser does not seem to support iframes. <a href=\"https:\/\/flowpaper.com\/flipbook\/?pdf=https:\/\/zaccagnini.ar\/wp-content\/uploads\/2020\/02\/CAESCO-Presentacion-1987.pdf?wp-hosted=1\" target=\"_blank\">Click here to read this PDF<\/a>.<\/iframe>\n<div id=\"flowpaper-logo-bottom\" class=\"flowpaper-logo-bg\" style=\"background:linear-gradient(to right, rgba(0,0,0,0.65) 0%,rgba(0,0,0,0) 200px);width:100%;height:19px; padding-bottom: 1px; padding-left: 5px; padding-right: 10px; display: flex; align-items: center;z-index:9999\"><span style=\"height: 37px; padding-left: 6px;width:90%\"> <a id=\"flowpaper-link\" style=\"fill: #fff\" alt=\"FlowPaper logotype\" title=\"FlowPaper logotype\" href=\"https:\/\/flowpaper.com\" target=\"_blank\"> <img decoding=\"async\" alt=\"Publish PDF flipbooks online\" style=\"height:17px;width:auto;margin-top:11px;\" src=\"https:\/\/zaccagnini.ar\/wp-content\/plugins\/flowpaper-lite-pdf-flipbook\/assets\/flowpaper-logo.png\" border=\"0\"> <\/a> <\/span><span style=\" float: right; right: 0; font-size: 10px; white-space: nowrap; opacity:0.8\"><a href=\"https:\/\/flowpaper.com\/flipbook-maker\/\" target=\"_new\" style=\"text-decoration:none;border-bottom:none;\">Created using FlowPaper Flipbook Maker &#8599;<\/a><\/span><\/div><\/div>\r\n                <script>\r\n                document.addEventListener(\"DOMContentLoaded\", function(){\r\n                    var target_element, iframe_element;\r\n                    iframe_element = document.querySelector(\"iframe.flowpaper-class\");\r\n                    target_element = document.querySelector(\"\");\r\n                    iframe_element.style.height = target_element.offsetHeight + \"px\";\r\n                });\r\n                <\/script>\r\n            \n\n\n\n<h4 class=\"has-vivid-cyan-blue-color has-text-color has-text-align-center wp-block-heading\">EL D\u00cdA DE LA INFORM\u00c1TICA Y EL PREMIO CIRCE<\/h4>\n\n\n\n<p><em>El 10 de diciembre fue el d\u00eda elegido por la comunidad inform\u00e1tica como D\u00eda de la Inform\u00e1tica. Como presidente, mantuve esa tradici\u00f3n durante todo  mi mandato e institu\u00ed el premio CIRCE, con el que premi\u00e1bamos los acontecimientos del sector que m\u00e1s se hab\u00edan destacado cada a\u00f1o.<\/em> <\/p>\n\n\n\n<div style=\"display:block\">\n<!-- FlowPaper PDF flipbook plugin v.2.0.6 wordpress.org\/plugins\/flowpaper\/ -->\n<iframe title=\"FlowPaper flipbook pdf viewer\" width=\"100%\" height=\"500\" scrolling=\"no\" class=\"flowpaper-class\" frameborder=\"0\" allowFullScreen=\"true\" lightbox=\"false\" cover id src = \"https:\/\/flowpaper.com\/flipbook\/?pdf=https:\/\/zaccagnini.ar\/wp-content\/uploads\/2020\/02\/CAESCO-PROGRAMA-FIESTA-DE-LA-INFORMATICA-1986.pdf?wp-hosted=1&title=&header=&theme=&singlepage=&thumbs=1&modified=2002171123\" seamless=\"seamless\" style=\"margin-bottom:0;display:block;\">Your browser does not seem to support iframes. <a href=\"https:\/\/flowpaper.com\/flipbook\/?pdf=https:\/\/zaccagnini.ar\/wp-content\/uploads\/2020\/02\/CAESCO-PROGRAMA-FIESTA-DE-LA-INFORMATICA-1986.pdf?wp-hosted=1\" target=\"_blank\">Click here to read this PDF<\/a>.<\/iframe>\n<div id=\"flowpaper-logo-bottom\" class=\"flowpaper-logo-bg\" style=\"background:linear-gradient(to right, rgba(0,0,0,0.65) 0%,rgba(0,0,0,0) 200px);width:100%;height:19px; padding-bottom: 1px; padding-left: 5px; padding-right: 10px; display: flex; align-items: center;z-index:9999\"><span style=\"height: 37px; padding-left: 6px;width:90%\"> <a id=\"flowpaper-link\" style=\"fill: #fff\" alt=\"FlowPaper logotype\" title=\"FlowPaper logotype\" href=\"https:\/\/flowpaper.com\" target=\"_blank\"> <img decoding=\"async\" alt=\"Publish PDF flipbooks online\" style=\"height:17px;width:auto;margin-top:11px;\" src=\"https:\/\/zaccagnini.ar\/wp-content\/plugins\/flowpaper-lite-pdf-flipbook\/assets\/flowpaper-logo.png\" border=\"0\"> <\/a> <\/span><span style=\" float: right; right: 0; font-size: 10px; white-space: nowrap; opacity:0.8\"><a href=\"https:\/\/flowpaper.com\/flipbook-maker\/\" target=\"_new\" style=\"text-decoration:none;border-bottom:none;\">Created using FlowPaper Flipbook Maker &#8599;<\/a><\/span><\/div><\/div>\r\n                <script>\r\n                document.addEventListener(\"DOMContentLoaded\", function(){\r\n                    var target_element, iframe_element;\r\n                    iframe_element = document.querySelector(\"iframe.flowpaper-class\");\r\n                    target_element = document.querySelector(\"\");\r\n                    iframe_element.style.height = target_element.offsetHeight + \"px\";\r\n                });\r\n                <\/script>\r\n            \n\n\n\n<div class=\"wp-block-image\"><figure class=\"aligncenter size-large\"><img loading=\"lazy\" decoding=\"async\" width=\"477\" height=\"378\" src=\"https:\/\/zaccagnini.ar\/wp-content\/uploads\/2020\/02\/CIRCE-1987.jpg\" alt=\"\" class=\"wp-image-498\" srcset=\"https:\/\/zaccagnini.ar\/wp-content\/uploads\/2020\/02\/CIRCE-1987.jpg 477w, https:\/\/zaccagnini.ar\/wp-content\/uploads\/2020\/02\/CIRCE-1987-300x238.jpg 300w\" sizes=\"auto, (max-width: 477px) 100vw, 477px\" \/><figcaption>CAESCO celebr\u00f3 anualmente el D\u00eda de la Inform\u00e1tica durante toda mi gesti\u00f3n. En 1987 participaron el gobernador de Santa Fe Jos\u00e9 Mar\u00eda Vernet y el secretario de la Funci\u00f3n P\u00fablica del gobierno de Ra\u00fal Alfons\u00edn.<\/figcaption><\/figure><\/div>\n\n\n\n<div class=\"wp-block-image\"><figure class=\"aligncenter size-large\"><img loading=\"lazy\" decoding=\"async\" width=\"558\" height=\"378\" src=\"https:\/\/zaccagnini.ar\/wp-content\/uploads\/2020\/02\/CIRCE-1989.jpg\" alt=\"\" class=\"wp-image-499\" srcset=\"https:\/\/zaccagnini.ar\/wp-content\/uploads\/2020\/02\/CIRCE-1989.jpg 558w, https:\/\/zaccagnini.ar\/wp-content\/uploads\/2020\/02\/CIRCE-1989-300x203.jpg 300w\" sizes=\"auto, (max-width: 558px) 100vw, 558px\" \/><figcaption>Con Osvaldo Cornide en 1989 presidente de CAME, entidad en la que CAESCO integraba su Comit\u00e9 de Presidencia <\/figcaption><\/figure><\/div>\n\n\n\n<p>\u00ab<em>En el terreno institucional, CAESCO obtuvo el reconocimiento del Ministerio de Trabajo de la Naci\u00f3n como entidad gremial-empresaria el 17 de abril de 1987, y fue la primera c\u00e1mara inform\u00e1tica que form\u00f3 parte de la Confederaci\u00f3n de Actividades Mercantiles (CAME), integrando a partir de 1988, el Consejo de Presidencia de la Comisi\u00f3n de Relaciones Institucionales de esa entidad. Tambi\u00e9n fue notable el \u00e9xito que la c\u00e1mara obtuvo ante la Direcci\u00f3n General Impositiva, al lograr la exenci\u00f3n de IVA a la actividad de graboverificaci\u00f3n, evitando as\u00ed el quebranto econ\u00f3mico de muchas de las empresas de ese sector.<\/em>\u00ab<\/p>\n\n\n\n<p>\u00ab<em>El fortalecimiento institucional que alcanza CAESCO en ese per\u00edodo fue tambi\u00e9n el de los intereses nacionales del sector inform\u00e1tico. \u00c9se es un hecho modific\u00f3 la estrategia de las empresas transnacionales que dominaban los negocios de la actividad, que hasta ese momento no hab\u00edan considerado necesaria la creaci\u00f3n una c\u00e1mara que los representara, porque les hab\u00eda resultado efectivo asociarse a todas las organizaciones empresarias del sector empresario e influir, de diversas maneras y en forma determinante, sobre sus decisiones institucionales. La crisis que CAESCO enfrent\u00f3 al aproximarse el fin de mi primera presidencia es un buen ejemplo de la importancia que, para esas empresas, ten\u00eda la estrategia de permanecer e influir desde un segundo plano. Cuando la mayor\u00eda de las empresas asociadas a la c\u00e1mara me propuso renovar mi cargo por otro mandato, los socios transnacionales y sus seguidores comenzaron a tejer una interna, que ten\u00eda como objetivo hacer retornar a CAESCO al redil de las organizaciones complacientes con sus intereses.<\/em>\u00ab<\/p>\n\n\n\n<figure class=\"wp-block-image size-large\"><img loading=\"lazy\" decoding=\"async\" width=\"608\" height=\"378\" src=\"https:\/\/zaccagnini.ar\/wp-content\/uploads\/2020\/02\/CAESCO-ASAMBLEA.jpg\" alt=\"\" class=\"wp-image-497\" srcset=\"https:\/\/zaccagnini.ar\/wp-content\/uploads\/2020\/02\/CAESCO-ASAMBLEA.jpg 608w, https:\/\/zaccagnini.ar\/wp-content\/uploads\/2020\/02\/CAESCO-ASAMBLEA-300x187.jpg 300w\" sizes=\"auto, (max-width: 608px) 100vw, 608px\" \/><figcaption>Con presencia de la Inspecci\u00f3n General de Justicia solicitada por las empresas transnacionales, se realiz\u00f3 la asamblea de CAESCO donde fui reelecto -sin observaciones- como Presidente de la C\u00e1mara. <\/figcaption><\/figure>\n\n\n\n<p>\u00ab<em>La Asamblea General para la renovaci\u00f3n de las autoridades se realiz\u00f3 en el denominado Teatro del Pueblo, una sala ubicada en Diagonal Norte al 900, en el mismo edificio donde CAESCO ten\u00eda sus oficinas. En medio de la asamblea, con gran sorpresa de la mayor\u00eda de las empresas participantes, se present\u00f3 una delegaci\u00f3n de la Inspecci\u00f3n General de Justicia (IGJ) que \u2013nos enteramos despu\u00e9s- hab\u00eda sido pedida por los representantes de IBM, quienes al ver la llegada de los inspectores para garantizar la transparencia de la Asamblea, exclamaron con aire de triunfo: \u00a1Se acab\u00f3 la etapa Zaccagnini! Pero se equivocaron. Gracias a que pudieron votar todos los presentes \u2013y no s\u00f3lo los que ten\u00edan la cuota al d\u00eda\u2013 la Asamblea volvi\u00f3 a elegirme como Presidente por dos a\u00f1os m\u00e1s. Las empresas transnacionales que se opon\u00edan a nuestra gesti\u00f3n acusaron la derrota. As\u00ed fue que, por primera vez, IBM se retir\u00f3 de una c\u00e1mara empresaria.\u00bb <\/em><\/p>\n\n\n\n<p>\u00ab<em>El progresivo abaratamiento de las computadoras de gran porte y la aparici\u00f3n de las computadoras personales fueron disminuyendo la necesidad \u2013y en consecuencia el negocio- de los servicios de computaci\u00f3n. La perfoverificaci\u00f3n fue paulatinamente reemplazada por el procesamiento distribuido. Como consecuencia de este nuevo escenario, se comenz\u00f3 a instalar la idea de fusionar a CAESCO con la C\u00e1mara de Empresas de Software (CES). Con Jos\u00e9 Luis Ferreyro, entonces presidente de la CES, conversamos largamente sobre esa posibilidad. Recuerdo la amable batalla que sostuvimos por el nombre de la nueva c\u00e1mara que resultase de la fusi\u00f3n, porque yo quer\u00eda denominar la C\u00e1mara de Servicios Inform\u00e1ticos y Software CESIS, y \u00e9l insist\u00eda con invertir el orden a C\u00e1mara de Software y Servicios Inform\u00e1ticos CESSI, nombre que finalmente se adopt\u00f3.<\/em>\u00ab<\/p>\n\n\n\n<div style=\"display:block\">\n<!-- FlowPaper PDF flipbook plugin v.2.0.6 wordpress.org\/plugins\/flowpaper\/ -->\n<iframe title=\"FlowPaper flipbook pdf viewer\" width=\"100%\" height=\"500\" scrolling=\"no\" class=\"flowpaper-class\" frameborder=\"0\" allowFullScreen=\"true\" lightbox=\"false\" cover id src = \"https:\/\/flowpaper.com\/flipbook\/?pdf=https:\/\/zaccagnini.ar\/wp-content\/uploads\/2020\/02\/DOCUMENTO-CAESCO-1989.pdf%20?wp-hosted=1&title=&header=&theme=&singlepage=&thumbs=1&modified=2002171123\" seamless=\"seamless\" style=\"margin-bottom:0;display:block;\">Your browser does not seem to support iframes. <a href=\"https:\/\/flowpaper.com\/flipbook\/?pdf=https:\/\/zaccagnini.ar\/wp-content\/uploads\/2020\/02\/DOCUMENTO-CAESCO-1989.pdf%20?wp-hosted=1\" target=\"_blank\">Click here to read this PDF<\/a>.<\/iframe>\n<div id=\"flowpaper-logo-bottom\" class=\"flowpaper-logo-bg\" style=\"background:linear-gradient(to right, rgba(0,0,0,0.65) 0%,rgba(0,0,0,0) 200px);width:100%;height:19px; padding-bottom: 1px; padding-left: 5px; padding-right: 10px; display: flex; align-items: center;z-index:9999\"><span style=\"height: 37px; padding-left: 6px;width:90%\"> <a id=\"flowpaper-link\" style=\"fill: #fff\" alt=\"FlowPaper logotype\" title=\"FlowPaper logotype\" href=\"https:\/\/flowpaper.com\" target=\"_blank\"> <img decoding=\"async\" alt=\"Publish PDF flipbooks online\" style=\"height:17px;width:auto;margin-top:11px;\" src=\"https:\/\/zaccagnini.ar\/wp-content\/plugins\/flowpaper-lite-pdf-flipbook\/assets\/flowpaper-logo.png\" border=\"0\"> <\/a> <\/span><span style=\" float: right; right: 0; font-size: 10px; white-space: nowrap; opacity:0.8\"><a href=\"https:\/\/flowpaper.com\/flipbook-maker\/\" target=\"_new\" style=\"text-decoration:none;border-bottom:none;\">Created using FlowPaper Flipbook Maker &#8599;<\/a><\/span><\/div><\/div>\r\n                <script>\r\n                document.addEventListener(\"DOMContentLoaded\", function(){\r\n                    var target_element, iframe_element;\r\n                    iframe_element = document.querySelector(\"iframe.flowpaper-class\");\r\n                    target_element = document.querySelector(\"\");\r\n                    iframe_element.style.height = target_element.offsetHeight + \"px\";\r\n                });\r\n                <\/script>\r\n            \n\n\n\n<p class=\"has-text-align-center\"><strong>Publicamos el documento<em> \u00abCAESCO ante la realidad inform\u00e1tica argentina\u00bb<\/em> que contiene algunas consideraciones que a\u00fan hoy siguen teniendo vigencia.<\/strong><\/p>\n\n\n\n<p>\u00ab<em>A mediados de 1989, el recientemente designado Intendente de la Ciudad de Buenos Aires Carlos Grosso me invita a formar parte de su gabinete inicial como Subsecretario de Sistemas de Informaci\u00f3n, una responsabilidad pol\u00edtica de magnitud que acept\u00e9. Consider\u00e9 entonces \u00e9tico y necesario renunciar a la Presidencia de la CAESCO, asumiendo en mi lugar mi vicepresidente Ra\u00fal D\u00edaz, quien negoci\u00f3 la fusi\u00f3n. CAESCO y CES se unieron a principios de la d\u00e9cada del \u00b490, dando origen a la actual C\u00e1mara de Empresas de Software y Servicios Inform\u00e1ticos CESSI. Una fusi\u00f3n asim\u00e9trica, que posibilit\u00f3 la inserci\u00f3n de la inteligencia argentina en el negocio global del software, pero que tambi\u00e9n posterg\u00f3 sin fecha, la a\u00fan pendiente discusi\u00f3n sobre la mejor utilizaci\u00f3n de la inteligencia y el conocimiento de los argentinos<\/em>.\u00bb<\/p>\n\n\n\n<figure class=\"wp-block-image size-large\"><img loading=\"lazy\" decoding=\"async\" width=\"1024\" height=\"616\" src=\"https:\/\/zaccagnini.ar\/wp-content\/uploads\/2020\/02\/GCBA05-1024x616.jpg\" alt=\"\" class=\"wp-image-451\" srcset=\"https:\/\/zaccagnini.ar\/wp-content\/uploads\/2020\/02\/GCBA05-1024x616.jpg 1024w, https:\/\/zaccagnini.ar\/wp-content\/uploads\/2020\/02\/GCBA05-300x180.jpg 300w, https:\/\/zaccagnini.ar\/wp-content\/uploads\/2020\/02\/GCBA05-768x462.jpg 768w, https:\/\/zaccagnini.ar\/wp-content\/uploads\/2020\/02\/GCBA05-1536x924.jpg 1536w, https:\/\/zaccagnini.ar\/wp-content\/uploads\/2020\/02\/GCBA05.jpg 1772w\" sizes=\"auto, (max-width: 1024px) 100vw, 1024px\" \/><figcaption>Como funcionario del gobierno de la Ciudad de Buenos Aires, convoqu\u00e9 a los principales dirigentes empresarios y profesionales a una mesa de di\u00e1logo para alentar el acuerdo para un proyecto para la industria inform\u00e1tica nacional, sin resultados positivos. <\/figcaption><\/figure>\n\n\n\n<p><\/p>\n","protected":false},"excerpt":{"rendered":"<div class=\"mh-excerpt\"><p>LA C\u00c1MARA GREMIAL DE LOS EMPRESARIOS NACIONALES \u00abEn los a\u00f1os que me toc\u00f3 conducir a la instituci\u00f3n, los logros alcanzados por CAESCO coadyuvaron al objetivo superior de instalar al empresariado inform\u00e1tico nacional organizado, para representar \u2013en un momento incipiente\u2013 los intereses de una actividad productiva de creciente desarrollo. En ese marco, la C\u00e1mara cre\u00f3 el Consejo Federal de Empresas de <a class=\"mh-excerpt-more\" href=\"https:\/\/zaccagnini.ar\/index.php\/dirigente-empresario\/caesco-camara-de-empresas-de-servicios-de-computacion\/\" title=\"CAESCO C\u00e1mara de Empresas de Servicios de Computaci\u00f3n\">[&#8230;]<\/a><\/p>\n<\/div>","protected":false},"author":1,"featured_media":493,"parent":428,"menu_order":1,"comment_status":"closed","ping_status":"closed","template":"","meta":{"footnotes":""},"categories":[38],"tags":[],"class_list":["post-462","page","type-page","status-publish","has-post-thumbnail","hentry","category-dirigente-empresario"],"_links":{"self":[{"href":"https:\/\/zaccagnini.ar\/index.php\/wp-json\/wp\/v2\/pages\/462","targetHints":{"allow":["GET"]}}],"collection":[{"href":"https:\/\/zaccagnini.ar\/index.php\/wp-json\/wp\/v2\/pages"}],"about":[{"href":"https:\/\/zaccagnini.ar\/index.php\/wp-json\/wp\/v2\/types\/page"}],"author":[{"embeddable":true,"href":"https:\/\/zaccagnini.ar\/index.php\/wp-json\/wp\/v2\/users\/1"}],"replies":[{"embeddable":true,"href":"https:\/\/zaccagnini.ar\/index.php\/wp-json\/wp\/v2\/comments?post=462"}],"version-history":[{"count":16,"href":"https:\/\/zaccagnini.ar\/index.php\/wp-json\/wp\/v2\/pages\/462\/revisions"}],"predecessor-version":[{"id":1085,"href":"https:\/\/zaccagnini.ar\/index.php\/wp-json\/wp\/v2\/pages\/462\/revisions\/1085"}],"up":[{"embeddable":true,"href":"https:\/\/zaccagnini.ar\/index.php\/wp-json\/wp\/v2\/pages\/428"}],"wp:featuredmedia":[{"embeddable":true,"href":"https:\/\/zaccagnini.ar\/index.php\/wp-json\/wp\/v2\/media\/493"}],"wp:attachment":[{"href":"https:\/\/zaccagnini.ar\/index.php\/wp-json\/wp\/v2\/media?parent=462"}],"wp:term":[{"taxonomy":"category","embeddable":true,"href":"https:\/\/zaccagnini.ar\/index.php\/wp-json\/wp\/v2\/categories?post=462"},{"taxonomy":"post_tag","embeddable":true,"href":"https:\/\/zaccagnini.ar\/index.php\/wp-json\/wp\/v2\/tags?post=462"}],"curies":[{"name":"wp","href":"https:\/\/api.w.org\/{rel}","templated":true}]}}