{"id":420,"date":"2020-02-03T15:44:23","date_gmt":"2020-02-03T18:44:23","guid":{"rendered":"https:\/\/zaccagnini.ar\/?page_id=420"},"modified":"2020-02-12T10:31:13","modified_gmt":"2020-02-12T13:31:13","slug":"militante-social","status":"publish","type":"page","link":"https:\/\/zaccagnini.ar\/index.php\/militante-social\/","title":{"rendered":"MILITANTE SOCIAL"},"content":{"rendered":"\n<figure class=\"wp-block-image size-large\"><img loading=\"lazy\" decoding=\"async\" width=\"1024\" height=\"768\" src=\"https:\/\/zaccagnini.ar\/wp-content\/uploads\/2020\/01\/Infoworkers02-1024x768.jpg\" alt=\"\" class=\"wp-image-35\" srcset=\"https:\/\/zaccagnini.ar\/wp-content\/uploads\/2020\/01\/Infoworkers02-1024x768.jpg 1024w, https:\/\/zaccagnini.ar\/wp-content\/uploads\/2020\/01\/Infoworkers02-300x225.jpg 300w, https:\/\/zaccagnini.ar\/wp-content\/uploads\/2020\/01\/Infoworkers02-768x576.jpg 768w, https:\/\/zaccagnini.ar\/wp-content\/uploads\/2020\/01\/Infoworkers02.jpg 1250w\" sizes=\"auto, (max-width: 1024px) 100vw, 1024px\" \/><figcaption>OLYMPUS DIGITAL CAMERA<\/figcaption><\/figure>\n\n\n\n<p><a href=\"https:\/\/zaccagnini.ar\/index.php\/militante-social\/foro-para-una-nueva-politica-industrial-fonpi\/\"> Vicepresidente del Foro para una Nueva Pol\u00edtica Industrial FONPI <\/a><\/p>\n\n\n\n<p><a href=\"https:\/\/zaccagnini.ar\/index.php\/militante-social\/infoworkers-trabajadores-de-la-informacion\/\">Presidente de la Asociaci\u00f3n Civil Infoworkers Trabajadores de la Informaci\u00f3n, entidad  dedicada a combatir el analfabetismo inform\u00e1tico. <\/a><\/p>\n","protected":false},"excerpt":{"rendered":"<div class=\"mh-excerpt\"><p>Vicepresidente del Foro para una Nueva Pol\u00edtica Industrial FONPI Presidente de la Asociaci\u00f3n Civil Infoworkers Trabajadores de la Informaci\u00f3n, entidad dedicada a combatir el analfabetismo inform\u00e1tico.<\/p>\n<\/div>","protected":false},"author":1,"featured_media":0,"parent":0,"menu_order":0,"comment_status":"closed","ping_status":"closed","template":"","meta":{"footnotes":""},"categories":[],"tags":[],"class_list":["post-420","page","type-page","status-publish","hentry"],"_links":{"self":[{"href":"https:\/\/zaccagnini.ar\/index.php\/wp-json\/wp\/v2\/pages\/420","targetHints":{"allow":["GET"]}}],"collection":[{"href":"https:\/\/zaccagnini.ar\/index.php\/wp-json\/wp\/v2\/pages"}],"about":[{"href":"https:\/\/zaccagnini.ar\/index.php\/wp-json\/wp\/v2\/types\/page"}],"author":[{"embeddable":true,"href":"https:\/\/zaccagnini.ar\/index.php\/wp-json\/wp\/v2\/users\/1"}],"replies":[{"embeddable":true,"href":"https:\/\/zaccagnini.ar\/index.php\/wp-json\/wp\/v2\/comments?post=420"}],"version-history":[{"count":4,"href":"https:\/\/zaccagnini.ar\/index.php\/wp-json\/wp\/v2\/pages\/420\/revisions"}],"predecessor-version":[{"id":950,"href":"https:\/\/zaccagnini.ar\/index.php\/wp-json\/wp\/v2\/pages\/420\/revisions\/950"}],"wp:attachment":[{"href":"https:\/\/zaccagnini.ar\/index.php\/wp-json\/wp\/v2\/media?parent=420"}],"wp:term":[{"taxonomy":"category","embeddable":true,"href":"https:\/\/zaccagnini.ar\/index.php\/wp-json\/wp\/v2\/categories?post=420"},{"taxonomy":"post_tag","embeddable":true,"href":"https:\/\/zaccagnini.ar\/index.php\/wp-json\/wp\/v2\/tags?post=420"}],"curies":[{"name":"wp","href":"https:\/\/api.w.org\/{rel}","templated":true}]}}